{"id":138,"date":"2015-07-28T11:23:22","date_gmt":"2015-07-28T11:23:22","guid":{"rendered":"http:\/\/themes.themegoods.com\/grandblog\/demo\/?page_id=138"},"modified":"2025-02-19T12:13:41","modified_gmt":"2025-02-19T11:13:41","slug":"coup-de-main-a-propos","status":"publish","type":"page","link":"https:\/\/www.cma-hautsdefrance.fr\/blog\/coup-de-main-a-propos\/","title":{"rendered":"\u00c0 PROPOS"},"content":{"rendered":"\n<h2 class=\"wp-block-heading\"><em><strong>Besoin d&rsquo;un COUP d<\/strong>e MAIN ?<\/em><\/h2>\n\n\n\n<div style=\"height:27px\" aria-hidden=\"true\" class=\"wp-block-spacer\"><\/div>\n\n\n\n<div class=\"wp-block-group\"><div class=\"wp-block-group__inner-container is-layout-flow wp-block-group-is-layout-flow\"><\/div><\/div>\n\n\n\n<p class=\"has-text-align-left\" style=\"font-size:18px\">Coup de Main est le magazine de la CMA Hauts-de-France.<\/p>\n\n\n\n<p class=\"has-text-align-left\" style=\"font-size:18px\">D\u00e9sormais, notre magazine se veut plus simple, plus utile, plus pratique et surtout <strong>plus digital.<\/strong><\/p>\n\n\n\n<p class=\"has-text-align-left\" style=\"font-size:18px\">Coup de Main propose des t\u00e9moignages de proximit\u00e9, des dossiers strat\u00e9giques et bien d&rsquo;autres sujets &#8230;<\/p>\n\n\n\n<p class=\"has-text-align-left\" style=\"font-size:18px\"><strong>Les actualit\u00e9s de la CMA Hauts-de-France avec des rubriques telles que :<\/strong><\/p>\n\n\n\n<p class=\"has-text-align-left\" style=\"font-size:18px\"><strong>Les interviews des artisans, apprentis et formateurs de la r\u00e9gion Hauts-de-France. <\/strong><\/p>\n\n\n\n<p style=\"font-size:18px\"><strong>Le mot du Pr\u00e9sident de la CMA Hauts-de-France, Laurent Rigaud mais aussi des r\u00e9actions de diverses personnalit\u00e9s.<\/strong><\/p>\n\n\n\n<div style=\"height:20px\" aria-hidden=\"true\" class=\"wp-block-spacer\"><\/div>\n\n\n\n<hr class=\"wp-block-separator has-css-opacity\"\/>\n\n\n\n<div style=\"height:20px\" aria-hidden=\"true\" class=\"wp-block-spacer\"><\/div>\n\n\n\n<p class=\"has-text-align-center has-very-light-gray-color has-vivid-red-background-color has-text-color has-background has-normal-font-size\"><em><strong>La CMA des Hauts-de-France met en \u0153uvre des missions d\u2019accompagnement, couvrant toutes les \u00e9tapes de la vie de l\u2019entreprise artisanale. Elle joue un r\u00f4le d\u00e9terminant pour l\u2019apprentissage et la formation continue.<\/strong><\/em><\/p>\n\n\n\n<p class=\"has-text-align-center has-very-light-gray-color has-vivid-red-background-color has-text-color has-background has-normal-font-size\"><em>Pour en savoir plus sur les accompagnements de la CMA Hauts-de-France, retrouvez l&rsquo;ensemble notre offre de service ici :&nbsp;<\/em><strong><em><a rel=\"noreferrer noopener\" href=\"https:\/\/www.cma-hautsdefrance.fr\/\" target=\"_blank\">cma-hautsdefrance.fr<\/a><\/em><\/strong><\/p>\n\n\n\n<pre class=\"wp-block-preformatted\">Retrouvez notre actualit\u00e9 sur les r\u00e9seaux sociaux de la CMA Hauts-de-France\n\n<a href=\"https:\/\/www.facebook.com\/cma.hautsdefrance\" target=\"_blank\" rel=\"noreferrer noopener nofollow\" class=\"broken_link\"><img loading=\"lazy\" decoding=\"async\" width=\"40\" height=\"40\" src=\"https:\/\/www.cma-hautsdefrance.fr\/blog\/wp-content\/uploads\/2020\/07\/facebook-300x300.png\" alt=\"\"><\/a> &nbsp;<a href=\"https:\/\/www.instagram.com\/cma.hautsdefrance\/\" target=\"_blank\" rel=\"noreferrer noopener nofollow\"><img loading=\"lazy\" decoding=\"async\" width=\"40\" height=\"40\" src=\"https:\/\/www.cma-hautsdefrance.fr\/blog\/wp-content\/uploads\/2020\/07\/instagram-sketched-300x300.png\" alt=\"\"><\/a> &nbsp;<a href=\"https:\/\/twitter.com\/cma_hdf?lang=fr\" target=\"_blank\" rel=\"noreferrer noopener nofollow\"><img loading=\"lazy\" decoding=\"async\" width=\"40\" height=\"40\" src=\"https:\/\/www.cma-hautsdefrance.fr\/blog\/wp-content\/uploads\/2020\/07\/twitter-300x300.png\" alt=\"\"><\/a> &nbsp;<a href=\"https:\/\/www.linkedin.com\/company\/cma-hautsdefrance\/\" target=\"_blank\" rel=\"noreferrer noopener nofollow\"><img loading=\"lazy\" decoding=\"async\" width=\"40\" height=\"40\" src=\"https:\/\/www.cma-hautsdefrance.fr\/blog\/wp-content\/uploads\/2020\/07\/linkedin-300x300.png\" alt=\"\"><\/a>&nbsp;&nbsp;<a href=\"https:\/\/www.youtube.com\/channel\/UCl3RR6zNWcX7gdiTFa5aE4w\" target=\"_blank\" rel=\"noreferrer noopener nofollow\"><img loading=\"lazy\" decoding=\"async\" width=\"40\" height=\"40\" src=\"https:\/\/www.cma-hautsdefrance.fr\/blog\/wp-content\/uploads\/2020\/07\/youtube-1-300x300.png\" alt=\"\"><\/a><a href=\"https:\/\/www.youtube.com\/channel\/UCl3RR6zNWcX7gdiTFa5aE4w\" target=\"_blank\" rel=\"noreferrer noopener nofollow\"><\/a><\/pre>\n","protected":false},"excerpt":{"rendered":"<p>Besoin d&rsquo;un COUP de MAIN ? Coup de Main est le magazine de la CMA Hauts-de-France. D\u00e9sormais, notre magazine se veut plus simple, plus utile, plus pratique et surtout plus digital. Coup de Main propose des t\u00e9moignages de proximit\u00e9, des [&hellip;]<\/p>\n","protected":false},"author":17,"featured_media":800,"parent":0,"menu_order":0,"comment_status":"closed","ping_status":"closed","template":"","meta":{"footnotes":""},"class_list":["post-138","page","type-page","status-publish","has-post-thumbnail","hentry"],"_links":{"self":[{"href":"https:\/\/www.cma-hautsdefrance.fr\/blog\/wp-json\/wp\/v2\/pages\/138","targetHints":{"allow":["GET"]}}],"collection":[{"href":"https:\/\/www.cma-hautsdefrance.fr\/blog\/wp-json\/wp\/v2\/pages"}],"about":[{"href":"https:\/\/www.cma-hautsdefrance.fr\/blog\/wp-json\/wp\/v2\/types\/page"}],"author":[{"embeddable":true,"href":"https:\/\/www.cma-hautsdefrance.fr\/blog\/wp-json\/wp\/v2\/users\/17"}],"replies":[{"embeddable":true,"href":"https:\/\/www.cma-hautsdefrance.fr\/blog\/wp-json\/wp\/v2\/comments?post=138"}],"version-history":[{"count":27,"href":"https:\/\/www.cma-hautsdefrance.fr\/blog\/wp-json\/wp\/v2\/pages\/138\/revisions"}],"predecessor-version":[{"id":10044,"href":"https:\/\/www.cma-hautsdefrance.fr\/blog\/wp-json\/wp\/v2\/pages\/138\/revisions\/10044"}],"wp:featuredmedia":[{"embeddable":true,"href":"https:\/\/www.cma-hautsdefrance.fr\/blog\/wp-json\/wp\/v2\/media\/800"}],"wp:attachment":[{"href":"https:\/\/www.cma-hautsdefrance.fr\/blog\/wp-json\/wp\/v2\/media?parent=138"}],"curies":[{"name":"wp","href":"https:\/\/api.w.org\/{rel}","templated":true}]}}